{"id":19,"date":"2020-08-26T07:44:35","date_gmt":"2020-08-26T07:44:35","guid":{"rendered":"http:\/\/daykemsupham.edu.vn\/?page_id=19"},"modified":"2025-02-12T18:12:39","modified_gmt":"2025-02-12T18:12:39","slug":"guiphidichvu","status":"publish","type":"page","link":"https:\/\/daykemsupham.edu.vn\/index.php\/guiphidichvu\/","title":{"rendered":"TH\u00d4NG TIN THANH TO\u00c1N"},"content":{"rendered":"  <div id=\"page-header-1093647482\" class=\"page-header-wrapper\">\n  <div class=\"page-title light simple-title\">\n\n        <div class=\"page-title-bg\">\n      <div class=\"title-bg fill bg-fill\"\n        data-parallax-container=\".page-title\"\n        data-parallax-background\n        data-parallax=\"-\">\n      <\/div>\n      <div class=\"title-overlay fill\"><\/div>\n    <\/div>\n    \n    <div class=\"page-title-inner container align-center text-center flex-row-col medium-flex-wrap\" >\n              <div class=\"title-wrapper uppercase flex-col\">\n          <h1 class=\"entry-title mb-0\">\n            C\u00c1CH G\u1eecI PH\u00cd D\u1ecaCH V\u1ee4          <\/h1>\n        <\/div>\n                    <div class=\"title-content flex-col\">\n        <div class=\"title-breadcrumbs pb-half pt-half\"><nav class=\"woocommerce-breadcrumb breadcrumbs uppercase\">Trang ch\u1ee7<\/nav><\/div>      <\/div>\n    <\/div>\n\n     \n<style>\n#page-header-1093647482 .title-overlay {\n  background-color: rgb(93, 139, 188);\n}\n#page-header-1093647482 {\n  background-color: rgb(255, 255, 255);\n}\n<\/style>\n  <\/div>\n    <\/div>\n  \n\t<section class=\"section\" id=\"section_889620258\">\n\t\t<div class=\"bg section-bg fill bg-fill  bg-loaded\" >\n\n\t\t\t\n\t\t\t\n\t\t\t\n\n\t\t<\/div>\n\n\t\t<div class=\"section-content relative\">\n\t\t\t\n<div class=\"row\"  id=\"row-195458454\">\n\n\t<div id=\"col-2121145653\" class=\"col b small-12 large-12\"  data-animate=\"fadeInUp\">\n\t\t<div class=\"col-inner box-shadow-1 box-shadow-2-hover\" style=\"background-color:rgb(255, 255, 255);\" >\n\t\t\t\n\t\t\t\n<p><strong>QU\u00dd KH\u00c1CH H\u00c0NG MU\u1ed0N G\u1eecI PH\u00cd D\u1ecaCH V\u1ee4 CHO CH\u00daNG T\u00d4I C\u00d3 TH\u1ec2\u00a0<\/strong><\/p>\n<p><strong>Thanh to\u00e1n chuy\u1ec3n kho\u1ea3n:<\/strong> Qu\u00fd kh\u00e1ch h\u00e0ng c\u00f3 th\u1ec3 thanh to\u00e1n b\u1eb1ng v\u00ed \u0111i\u1ec7n t\u1eed Mo Mo ho\u1eb7c chuy\u1ec3n kho\u1ea3n:<\/p>\n<ul>\n<li>V\u00ed Mo Mo <img decoding=\"async\" loading=\"lazy\" class=\"wp-image-463 alignnone\" src=\"https:\/\/daykemsupham.edu.vn\/wp-content\/uploads\/2021\/08\/tai-xuong.png\" alt=\"\" width=\"34\" height=\"34\" srcset=\"https:\/\/daykemsupham.edu.vn\/wp-content\/uploads\/2021\/08\/tai-xuong.png 225w, https:\/\/daykemsupham.edu.vn\/wp-content\/uploads\/2021\/08\/tai-xuong-100x100.png 100w, https:\/\/daykemsupham.edu.vn\/wp-content\/uploads\/2021\/08\/tai-xuong-150x150.png 150w\" sizes=\"(max-width: 34px) 100vw, 34px\" \/> 098 741 6167 (t\u00ean v\u00ed Nguy\u1ec5n Minh Kha)<\/li>\n<\/ul>\n<p><em><\/em><\/p>\n<ul>\n<li>C\u00e1c s\u1ed1 t\u00e0i kho\u1ea3n ng\u00e2n h\u00e0ng gi\u00fap Qu\u00fd kh\u00e1ch h\u00e0ng thanh to\u00e1n d\u1ecbch v\u1ee5:<\/li>\n<\/ul>\n<p>T\u00caN CH\u1ee6 T\u00c0I KHO\u1ea2N: NGUY\u1ec4N MINH KHA chi nh\u00e1nh TP.HCM<\/p>\n<p><img decoding=\"async\" loading=\"lazy\" class=\"alignnonewp-image-466\" src=\"https:\/\/daykemsupham.edu.vn\/wp-content\/uploads\/2021\/08\/no-image-news-300x198.jpg\" alt=\"\" width=\"51\" height=\"33\" srcset=\"https:\/\/daykemsupham.edu.vn\/wp-content\/uploads\/2021\/08\/no-image-news-300x198.jpg 300w, https:\/\/daykemsupham.edu.vn\/wp-content\/uploads\/2021\/08\/no-image-news-510x337.jpg 510w, https:\/\/daykemsupham.edu.vn\/wp-content\/uploads\/2021\/08\/no-image-news-600x397.jpg 600w, https:\/\/daykemsupham.edu.vn\/wp-content\/uploads\/2021\/08\/no-image-news.jpg 650w\" sizes=\"(max-width: 51px) 100vw, 51px\" \/>VIETCOMBANK s\u1ed1 t\u00e0i kho\u1ea3n 0421 000 530 956<\/p>\n<p><img decoding=\"async\" loading=\"lazy\" class=\"alignnonewp-image-471\" src=\"https:\/\/daykemsupham.edu.vn\/wp-content\/uploads\/2021\/08\/tai-xuong-3-1.png\" alt=\"\" width=\"36\" height=\"36\" srcset=\"https:\/\/daykemsupham.edu.vn\/wp-content\/uploads\/2021\/08\/tai-xuong-3-1.png 225w, https:\/\/daykemsupham.edu.vn\/wp-content\/uploads\/2021\/08\/tai-xuong-3-1-100x100.png 100w, https:\/\/daykemsupham.edu.vn\/wp-content\/uploads\/2021\/08\/tai-xuong-3-1-150x150.png 150w\" sizes=\"(max-width: 36px) 100vw, 36px\" \/>\u00a0 \u00a0 TECHCOMBANK 1903 623 891 6017<\/p>\n<p>N\u1ed9i dung chuy\u1ec3n:\u00a0<\/p>\n<ul>\n<li>V\u1edbi Qu\u00fd gia s\u01b0 mu\u1ed1n nh\u1eadn l\u1edbp: T\u00ean ng\u01b0\u1eddi chuy\u1ec3n + m\u00e3 l\u1edbp<\/li>\n<li>V\u1edbi Qu\u00fd kh\u00e1ch mu\u1ed1n \u0111\u0103ng tuy\u1ec3n d\u1ee5ng : T\u00ean ng\u01b0\u1eddi chuy\u1ec3n + t\u00ean nh\u00f3m mu\u1ed1n \u0111\u0103ng tin.<\/li>\n<li>V\u1edbi kh\u00e1ch mua h\u00e0ng: t\u00ean ng\u01b0\u1eddi chuy\u1ec3n + s\u1ea3n ph\u1ea9m mu\u1ed1n mua\u00a0 \u00a0 \u00a0 \u00a0 \u00a0 \u00a0<br \/>\nTr\u00e2n tr\u1ecdng.<\/li>\n<\/ul>\n\t\t<\/div>\n\t\t\n<style>\n#col-2121145653 > .col-inner {\n  padding: 10px 10px 10px 010pxpx;\n}\n<\/style>\n\t<\/div>\n\n\t\n<\/div>\n\t\t<\/div>\n\n\t\t\n<style>\n#section_889620258 {\n  padding-top: 30px;\n  padding-bottom: 30px;\n  background-color: #dca549;\n}\n<\/style>\n\t<\/section>\n\t\n","protected":false},"excerpt":{"rendered":"","protected":false},"author":1,"featured_media":0,"parent":0,"menu_order":0,"comment_status":"closed","ping_status":"closed","template":"","meta":[],"yoast_head":"<!-- This site is optimized with the Yoast SEO plugin v19.14 - https:\/\/yoast.com\/wordpress\/plugins\/seo\/ -->\n<title>TH\u00d4NG TIN THANH TO\u00c1N | TRUNG T\u00c2M GIA S\u01af S\u01af PH\u1ea0M LI\u00caN HOA<\/title>\n<meta name=\"robots\" content=\"index, follow, max-snippet:-1, max-image-preview:large, max-video-preview:-1\" \/>\n<link rel=\"canonical\" href=\"https:\/\/daykemsupham.edu.vn\/index.php\/guiphidichvu\/\" \/>\n<meta property=\"og:locale\" content=\"vi_VN\" \/>\n<meta property=\"og:type\" content=\"article\" \/>\n<meta property=\"og:title\" content=\"TH\u00d4NG TIN THANH TO\u00c1N | TRUNG T\u00c2M GIA S\u01af S\u01af PH\u1ea0M LI\u00caN HOA\" \/>\n<meta property=\"og:url\" content=\"https:\/\/daykemsupham.edu.vn\/index.php\/guiphidichvu\/\" \/>\n<meta property=\"og:site_name\" content=\"TRUNG T\u00c2M GIA S\u01af S\u01af PH\u1ea0M LI\u00caN HOA\" \/>\n<meta property=\"article:modified_time\" content=\"2025-02-12T18:12:39+00:00\" \/>\n<meta property=\"og:image\" content=\"https:\/\/daykemsupham.edu.vn\/wp-content\/uploads\/2021\/08\/tai-xuong.png\" \/>\n<meta name=\"twitter:card\" content=\"summary_large_image\" \/>\n<meta name=\"twitter:label1\" content=\"\u01af\u1edbc t\u00ednh th\u1eddi gian \u0111\u1ecdc\" \/>\n\t<meta name=\"twitter:data1\" content=\"2 ph\u00fat\" \/>\n<script type=\"application\/ld+json\" class=\"yoast-schema-graph\">{\"@context\":\"https:\/\/schema.org\",\"@graph\":[{\"@type\":\"WebPage\",\"@id\":\"https:\/\/daykemsupham.edu.vn\/index.php\/guiphidichvu\/\",\"url\":\"https:\/\/daykemsupham.edu.vn\/index.php\/guiphidichvu\/\",\"name\":\"TH\u00d4NG TIN THANH TO\u00c1N | TRUNG T\u00c2M GIA S\u01af S\u01af PH\u1ea0M LI\u00caN HOA\",\"isPartOf\":{\"@id\":\"https:\/\/daykemsupham.edu.vn\/#website\"},\"datePublished\":\"2020-08-26T07:44:35+00:00\",\"dateModified\":\"2025-02-12T18:12:39+00:00\",\"breadcrumb\":{\"@id\":\"https:\/\/daykemsupham.edu.vn\/index.php\/guiphidichvu\/#breadcrumb\"},\"inLanguage\":\"vi\",\"potentialAction\":[{\"@type\":\"ReadAction\",\"target\":[\"https:\/\/daykemsupham.edu.vn\/index.php\/guiphidichvu\/\"]}]},{\"@type\":\"BreadcrumbList\",\"@id\":\"https:\/\/daykemsupham.edu.vn\/index.php\/guiphidichvu\/#breadcrumb\",\"itemListElement\":[{\"@type\":\"ListItem\",\"position\":1,\"name\":\"Trang ch\u1ee7\",\"item\":\"https:\/\/daykemsupham.edu.vn\/\"},{\"@type\":\"ListItem\",\"position\":2,\"name\":\"TH\u00d4NG TIN THANH TO\u00c1N\"}]},{\"@type\":\"WebSite\",\"@id\":\"https:\/\/daykemsupham.edu.vn\/#website\",\"url\":\"https:\/\/daykemsupham.edu.vn\/\",\"name\":\"TRUNG T\u00c2M GIA S\u01af S\u01af PH\u1ea0M LI\u00caN HOA\",\"description\":\"\",\"publisher\":{\"@id\":\"https:\/\/daykemsupham.edu.vn\/#\/schema\/person\/541566b20ae76355fe50b49911f7033b\"},\"potentialAction\":[{\"@type\":\"SearchAction\",\"target\":{\"@type\":\"EntryPoint\",\"urlTemplate\":\"https:\/\/daykemsupham.edu.vn\/?s={search_term_string}\"},\"query-input\":\"required name=search_term_string\"}],\"inLanguage\":\"vi\"},{\"@type\":[\"Person\",\"Organization\"],\"@id\":\"https:\/\/daykemsupham.edu.vn\/#\/schema\/person\/541566b20ae76355fe50b49911f7033b\",\"name\":\"giasusuphamlienhoa\",\"image\":{\"@type\":\"ImageObject\",\"inLanguage\":\"vi\",\"@id\":\"https:\/\/daykemsupham.edu.vn\/#\/schema\/person\/image\/\",\"url\":\"https:\/\/daykemsupham.edu.vn\/wp-content\/uploads\/2020\/08\/LIEN-HOA-04.png\",\"contentUrl\":\"https:\/\/daykemsupham.edu.vn\/wp-content\/uploads\/2020\/08\/LIEN-HOA-04.png\",\"width\":1113,\"height\":874,\"caption\":\"giasusuphamlienhoa\"},\"logo\":{\"@id\":\"https:\/\/daykemsupham.edu.vn\/#\/schema\/person\/image\/\"},\"sameAs\":[\"http:\/\/daykemsupham.edu.vn\"]}]}<\/script>\n<!-- \/ Yoast SEO plugin. -->","yoast_head_json":{"title":"TH\u00d4NG TIN THANH TO\u00c1N | TRUNG T\u00c2M GIA S\u01af S\u01af PH\u1ea0M LI\u00caN HOA","robots":{"index":"index","follow":"follow","max-snippet":"max-snippet:-1","max-image-preview":"max-image-preview:large","max-video-preview":"max-video-preview:-1"},"canonical":"https:\/\/daykemsupham.edu.vn\/index.php\/guiphidichvu\/","og_locale":"vi_VN","og_type":"article","og_title":"TH\u00d4NG TIN THANH TO\u00c1N | TRUNG T\u00c2M GIA S\u01af S\u01af PH\u1ea0M LI\u00caN HOA","og_url":"https:\/\/daykemsupham.edu.vn\/index.php\/guiphidichvu\/","og_site_name":"TRUNG T\u00c2M GIA S\u01af S\u01af PH\u1ea0M LI\u00caN HOA","article_modified_time":"2025-02-12T18:12:39+00:00","og_image":[{"url":"https:\/\/daykemsupham.edu.vn\/wp-content\/uploads\/2021\/08\/tai-xuong.png"}],"twitter_card":"summary_large_image","twitter_misc":{"\u01af\u1edbc t\u00ednh th\u1eddi gian \u0111\u1ecdc":"2 ph\u00fat"},"schema":{"@context":"https:\/\/schema.org","@graph":[{"@type":"WebPage","@id":"https:\/\/daykemsupham.edu.vn\/index.php\/guiphidichvu\/","url":"https:\/\/daykemsupham.edu.vn\/index.php\/guiphidichvu\/","name":"TH\u00d4NG TIN THANH TO\u00c1N | TRUNG T\u00c2M GIA S\u01af S\u01af PH\u1ea0M LI\u00caN HOA","isPartOf":{"@id":"https:\/\/daykemsupham.edu.vn\/#website"},"datePublished":"2020-08-26T07:44:35+00:00","dateModified":"2025-02-12T18:12:39+00:00","breadcrumb":{"@id":"https:\/\/daykemsupham.edu.vn\/index.php\/guiphidichvu\/#breadcrumb"},"inLanguage":"vi","potentialAction":[{"@type":"ReadAction","target":["https:\/\/daykemsupham.edu.vn\/index.php\/guiphidichvu\/"]}]},{"@type":"BreadcrumbList","@id":"https:\/\/daykemsupham.edu.vn\/index.php\/guiphidichvu\/#breadcrumb","itemListElement":[{"@type":"ListItem","position":1,"name":"Trang ch\u1ee7","item":"https:\/\/daykemsupham.edu.vn\/"},{"@type":"ListItem","position":2,"name":"TH\u00d4NG TIN THANH TO\u00c1N"}]},{"@type":"WebSite","@id":"https:\/\/daykemsupham.edu.vn\/#website","url":"https:\/\/daykemsupham.edu.vn\/","name":"TRUNG T\u00c2M GIA S\u01af S\u01af PH\u1ea0M LI\u00caN HOA","description":"","publisher":{"@id":"https:\/\/daykemsupham.edu.vn\/#\/schema\/person\/541566b20ae76355fe50b49911f7033b"},"potentialAction":[{"@type":"SearchAction","target":{"@type":"EntryPoint","urlTemplate":"https:\/\/daykemsupham.edu.vn\/?s={search_term_string}"},"query-input":"required name=search_term_string"}],"inLanguage":"vi"},{"@type":["Person","Organization"],"@id":"https:\/\/daykemsupham.edu.vn\/#\/schema\/person\/541566b20ae76355fe50b49911f7033b","name":"giasusuphamlienhoa","image":{"@type":"ImageObject","inLanguage":"vi","@id":"https:\/\/daykemsupham.edu.vn\/#\/schema\/person\/image\/","url":"https:\/\/daykemsupham.edu.vn\/wp-content\/uploads\/2020\/08\/LIEN-HOA-04.png","contentUrl":"https:\/\/daykemsupham.edu.vn\/wp-content\/uploads\/2020\/08\/LIEN-HOA-04.png","width":1113,"height":874,"caption":"giasusuphamlienhoa"},"logo":{"@id":"https:\/\/daykemsupham.edu.vn\/#\/schema\/person\/image\/"},"sameAs":["http:\/\/daykemsupham.edu.vn"]}]}},"_links":{"self":[{"href":"https:\/\/daykemsupham.edu.vn\/index.php\/wp-json\/wp\/v2\/pages\/19"}],"collection":[{"href":"https:\/\/daykemsupham.edu.vn\/index.php\/wp-json\/wp\/v2\/pages"}],"about":[{"href":"https:\/\/daykemsupham.edu.vn\/index.php\/wp-json\/wp\/v2\/types\/page"}],"author":[{"embeddable":true,"href":"https:\/\/daykemsupham.edu.vn\/index.php\/wp-json\/wp\/v2\/users\/1"}],"replies":[{"embeddable":true,"href":"https:\/\/daykemsupham.edu.vn\/index.php\/wp-json\/wp\/v2\/comments?post=19"}],"version-history":[{"count":37,"href":"https:\/\/daykemsupham.edu.vn\/index.php\/wp-json\/wp\/v2\/pages\/19\/revisions"}],"predecessor-version":[{"id":1081,"href":"https:\/\/daykemsupham.edu.vn\/index.php\/wp-json\/wp\/v2\/pages\/19\/revisions\/1081"}],"wp:attachment":[{"href":"https:\/\/daykemsupham.edu.vn\/index.php\/wp-json\/wp\/v2\/media?parent=19"}],"curies":[{"name":"wp","href":"https:\/\/api.w.org\/{rel}","templated":true}]}}