{"id":226,"date":"2020-08-28T03:41:17","date_gmt":"2020-08-28T03:41:17","guid":{"rendered":"http:\/\/daykemsupham.edu.vn\/?page_id=226"},"modified":"2020-08-28T10:59:21","modified_gmt":"2020-08-28T10:59:21","slug":"luyen-thi-lop-10-hoc-thu-1b","status":"publish","type":"page","link":"https:\/\/daykemsupham.edu.vn\/index.php\/luyen-thi-lop-10-hoc-thu-1b\/","title":{"rendered":"LUY\u1ec6N THI L\u1edaP 10 (H\u1eccC TH\u1eec 1B)"},"content":{"rendered":"\n  <div id=\"page-header-833627780\" class=\"page-header-wrapper\">\n  <div class=\"page-title light simple-title\">\n\n    \n    <div class=\"page-title-inner container align-center text-center flex-row-col medium-flex-wrap\" >\n              <div class=\"title-wrapper flex-col\">\n          <h1 class=\"entry-title mb-0\">\n            LUY\u1ec6N THI L\u1edaP 10 (H\u1eccC TH\u1eec 1B)          <\/h1>\n        <\/div>\n                    <div class=\"title-content flex-col\">\n        <div class=\"title-breadcrumbs pb-half pt-half\"><nav class=\"woocommerce-breadcrumb breadcrumbs uppercase\">Trang ch\u1ee7<\/nav><\/div>      <\/div>\n    <\/div>\n\n       <\/div>\n    <\/div>\n  \n\n\t<section class=\"section\" id=\"section_1249273741\">\n\t\t<div class=\"bg section-bg fill bg-fill  bg-loaded\" >\n\n\t\t\t\n\t\t\t\n\t\t\t\n\n\t\t<\/div>\n\n\t\t<div class=\"section-content relative\">\n\t\t\t\n\n<div class=\"row\"  id=\"row-1969036910\">\n\n\n\t<div id=\"col-205248168\" class=\"col small-12 large-12\"  >\n\t\t<div class=\"col-inner\"  >\n\t\t\t\n\t\t\t\n\n<p>Hi\u1ec7n nay s\u1ed1 l\u01b0\u1ee3ng h\u1ecdc sinh ng\u00e0y c\u00e0ng t\u0103ng nh\u01b0ng s\u1ef1 ph\u00e1t tri\u1ec3n c\u01a1 s\u1edf v\u1eadt ch\u1ea5t gi\u00e1o d\u1ee5c kh\u00f4ng t\u0103ng t\u01b0\u01a1ng \u1ee9ng, t\u1eeb \u0111\u00f3 d\u1eabn \u0111\u1ebfn s\u1ef1 c\u1ea1nh tranh m\u1ed9t su\u1ea5t \u0111\u1ec3 \u0111\u01b0\u1ee3c v\u00e0o l\u1edbp 10 PTTH chuy\u00ean hay m\u1ed9t tr\u01b0\u1eddng c\u00f4ng l\u1eadp uy t\u00edn v\u00f4 c\u00f9ng kh\u00f3 kh\u0103n; R\u1ea5t nhi\u1ec1u tr\u01b0\u1eddng PTTH tuy\u1ec3n sinh v\u00e0o l\u1edbp 10 c\u00f3 &#8220;<em>t\u1ec9 l\u1ec7 ch\u1ecdi<\/em>&#8221;\u00a0r\u1ea5t cao (1\/15 \u0111\u1ebfn 1\/20) , t\u1ec9 l\u1ec7 n\u00e0y c\u00f2n cao h\u01a1n c\u1ea3\u00a0<em>&#8220;t\u1ec9 l\u1ec7 ch\u1ecdi<\/em>&#8221;\u00a0tuy\u1ec3n sinh c\u1ee7a nhi\u1ec1u tr\u01b0\u1eddng \u0110\u1ea1i h\u1ecdc. D\u01b0\u1edbi \u00e1p l\u1ef1c to l\u1edbn \u1ea5y, ph\u1ea7n l\u1edbn c\u00e1c ph\u1ee5 huynh th\u01b0\u1eddng cho con em m\u00ecnh t\u00ecm \u0111\u1ebfn c\u00e1c &#8220;<em>l\u00f2 luy\u1ec7n th<\/em>i&#8221; nh\u01b0ng kh\u00f4ng ph\u1ea3i\u00a0<em>&#8220;l\u00f2 luy\u1ec7n thi<\/em>&#8221;\u00a0n\u00e0o c\u0169ng \u0111\u00e1p \u1ee9ng \u0111\u01b0\u1ee3c s\u1ef1 k\u1ef3 v\u1ecdng c\u1ee7a qu\u00fd v\u1ecb&#8230;<\/p>\n<p>Gia s\u01b0 Gia B\u1ea3o\u00a0l\u00e0 m\u1ed9t trong nh\u1eefng \u0111\u1ee3n v\u1ecb ho\u1ea1t \u0111\u1ed9ng chuy\u00ean nghi\u1ec7p c\u00f3 r\u1ea5t nhi\u1ec1u kinh nghi\u1ec7m c\u0169ng nh\u01b0 th\u00e0nh t\u00edch trong vi\u1ec7c luy\u1ec7n thi. T\u1ec9 l\u1ec7 thi \u0111\u1ed7 nguy\u1ec7n v\u1ecdng 1 c\u1ee7a c\u00e1c em h\u1ecdc sinh theo h\u1ecdc t\u1ea1i trung t\u00e2m ho\u1eb7c \u0111\u01b0\u1ee3c gia s\u01b0 c\u1ee7a trung t\u00e2m\u00a0d\u1ea1y k\u00e8m t\u1ea1i nh\u00e0\u00a0trong 3 n\u0103m li\u1ec1n \u0111\u1ea1t 98% (ch\u00fang t\u00f4i c\u00f3 s\u1ed1 li\u1ec7u th\u1ed1ng k\u00ea \u0111\u1ea7y \u0111\u1ee7 cho c\u00f4ng b\u1ed1 n\u00e0y); m\u1ed9t th\u00e0nh t\u00edch v\u00f4 c\u00f9ng \u1ea5n t\u01b0\u1ee3ng b\u1eb1ng s\u1ef1 n\u1ed5 l\u1ef1c nhi\u1ec7t t\u00ecnh c\u1ee7a to\u00e0n th\u1ec3 nh\u00e2n vi\u00ean v\u00e0\u00a0gia s\u01b0 trung t\u00e2m.\u00a0\u00a0<\/p>\n<p><strong>T\u1ea1i sao ch\u00fang t\u00f4i c\u00f3 th\u00e0nh t\u00edch cao nh\u01b0 v\u1eady?<\/strong><\/p>\n<p>S\u1ef1 quan t\u00e2m<em>\u00a0theo s\u00e1t t\u1eebng h\u1ecdc vi\u00ean<\/em>\u00a0c\u00f9ng v\u1edbi s\u1ef1<em>\u00a0t\u01b0 v\u1ea5n ch\u1ecdn nguy\u1ec7n v\u1ecdng<\/em>\u00a0ch\u00ednh x\u00e1c ph\u00f9 h\u1ee3p v\u1edbi t\u1eebng kh\u1ea3 n\u0103ng h\u1ecdc vi\u00ean l\u00e0 nguy\u00ean nh\u00e2n c\u1ed1t l\u00f5i.<\/p>\n<p>\u0110\u1ec3 ti\u1ebfp t\u1ee5c ph\u00e1t huy truy\u1ec1n th\u1ed1ng c\u1ee7a trung t\u00e2m, \u0111\u00e1p l\u1ea1i s\u1ef1 mong \u0111\u1ee3i v\u00e0 k\u1ef3 v\u1ecdng c\u1ee7a qu\u00fd ph\u1ee5 huynh.\u00a0Trung t\u00e2m gia s\u01b0 Gia B\u1ea3o\u00a0ti\u1ebfp t\u1ee5c chi\u00eau sinh c\u00e1c l\u1edbp luy\u1ec7n thi v\u00e0o l\u1edbp 10 tr\u01b0\u1eddng chuy\u00ean v\u00e0 tr\u01b0\u1eddng c\u00f4ng l\u1eadp.<\/p>\n<p><strong>KINH NGHI\u1ec6M TI\u1ebeT GI\u1ea2M CHI PH\u00cd \u0110\u1ec2 T\u00ccM GIA S\u01af CH\u1ea4T L\u01af\u1ee2NG<\/strong><\/p>\n<p>N\u1ebfu nh\u01b0 tr\u01b0\u1edbc \u0111\u00e2y, m\u1ed7i h\u1ecdc sinh thu\u00ea m\u1ed9t gi\u00e1o vi\u00ean, hay m\u1ed9t sinh vi\u00ean v\u1ec1 nh\u00e0. Th\u00ec b\u00e2y gi\u1edd, c\u00e1c em h\u1ecdc sinh \u0111\u00e3 ti\u1ebfn b\u1ed9 h\u01a1n khi t\u00ecm b\u1ea1n h\u1ecdc chung \u0111\u1ec3 ti\u1ebft ki\u1ec7m chi ph\u00ed. \u0110\u00e2y l\u00e0 m\u1ed9t xu h\u01b0\u1edbng m\u1edbi v\u1ec1 vi\u1ec7c thu\u00ea gia s\u01b0\u00a0<em>d\u1ea1y<\/em>\u00a0k\u00e8m tai nh\u00e0\u00a0trong th\u1eddi gian g\u1ea7n \u0111\u00e2y. \u0110\u1ed1i v\u1edbi h\u00ecnh th\u1ee9c n\u00e0y, c\u0169ng c\u00f3 nh\u1eefng \u01b0u \u0111i\u1ec3m, nh\u01b0\u1ee3c \u0111i\u1ec3m. T\u00f9y v\u00e0o tr\u01b0\u1eddng h\u1ee3p c\u1ee5 th\u1ec3,\u00a0 c\u00e1c b\u1ea1n h\u00e3y c\u00e2n nh\u1eafc, l\u1ef1a ch\u1ecdn v\u00e0 s\u1eafp x\u1ebfp sao cho h\u1ee3p l\u00fd \u0111\u1ec3 v\u1eeba ti\u1ebft ki\u1ec7m chi ph\u00ed v\u1eeba t\u00ecm \u0111\u01b0\u1ee3c gia s\u01b0 gi\u1ecfi\u00a0<\/p>\n<p><em>M\u1eb7t \u01b0u \u0111i\u1ec3m<\/em>:\u00a0N\u1ebfu nh\u01b0 m\u1ed7i em h\u1ecdc sinh tr\u01b0\u1edbc \u0111\u00e2y ph\u1ea3i t\u1ed1n chi ph\u00ed thu\u00ea gia s\u01b0 tr\u00ean d\u01b0\u1edbi 1 tri\u1ec7u \u0111\u1ed3ng m\u1ed7i th\u00e1ng. Th\u00ec l\u00fac n\u00e0y, khi tham gia h\u1ecdc nh\u00f3m th\u00ec m\u1ed7i em ch\u1ec9 tr\u00ean d\u01b0\u1edbi 500 000 \u0111\u1ed3ng.<\/p>\n<p><em>M\u1eb7t h\u1ea1n ch\u1ebf:<\/em>\u00a0\u00a0Tuy chi ph\u00ed gi\u1ea3m \u0111i ph\u1ea7n n\u00e0o, nh\u01b0ng h\u00ecnh th\u1ee9c n\u00e0y c\u00f3 m\u1ed9t nh\u01b0\u1ee3c \u0111i\u1ec3m c\u1ea7n ph\u1ea3i s\u1edbm kh\u1eafc ph\u1ee5c. \u0110\u00f3 ch\u00ednh l\u00e0 tr\u00ecnh \u0111\u1ed9 t\u01b0\u01a1ng \u0111\u1ed3ng gi\u1eefa c\u00e1c em h\u1ecdc sinh. N\u1ebfu c\u00e1c em c\u00f3 h\u1ecdc l\u1ef1c ngang b\u1eb1ng nhau th\u00ec s\u1ebd thu\u1eadn l\u1ee3i. Nh\u01b0ng n\u1ebfu, h\u1ecdc l\u1ef1c c\u00e1c em qu\u00e1 ch\u00eanh l\u1ec7ch s\u1ebd g\u00e2y kh\u00f3 kh\u0103n r\u1ea5t l\u1edbn cho vi\u1ec7c s\u1eafp x\u1ebfp gi\u1edd gi\u1ea3ng c\u1ee7a gi\u00e1o vi\u00ean. K\u1ebft qu\u1ea3 l\u00e0, gia s\u01b0 s\u1ebd kh\u00f3 c\u00f3 th\u1ec3 ph\u00e1t huy t\u1ed1t nh\u1ea5t ki\u1ebfn th\u1ee9c cho t\u1ea5t c\u1ea3 c\u00e1c b\u1ea1n h\u1ecdc sinh.<\/p>\n<p><u>Tr\u01b0\u1eddng h\u1ee3p \u00e1p d\u1ee5ng:<\/u>\u00a0H\u00ecnh th\u1ee9c n\u00e0y ch\u1ec9 c\u00f3 k\u1ebft qu\u1ea3 t\u1ed1t nh\u1ea5t khi s\u1ed1 l\u01b0\u1ee3ng h\u1ecdc sinh kh\u00f4ng l\u1edbn h\u01a1n 4, tr\u00ecnh \u0111\u1ed9 c\u00e1c b\u1ea1n h\u1ecdc sinh l\u00e0 t\u01b0\u01a1ng \u0111\u1ed1i b\u1eb1ng nhau. Nh\u01b0 v\u1eady, c\u00e1c em s\u1ebd c\u00f3 \u0111\u1ed9ng l\u1ef1c h\u1ecdc t\u1eadp t\u1ed1t h\u01a1n. Th\u1ea7y c\u00f4 d\u1ec5 gi\u1ea3ng b\u00e0i h\u01a1n cho c\u00e1c em h\u1ecdc sinh h\u01a1n.<\/p>\n<p><strong>\u25ba\u00a0L\u1edbp h\u1ecdc ch\u1ea5t l\u01b0\u1ee3ng cao h\u1ecdc t\u1ea1i trung t\u00e2m<\/strong><\/p>\n<p><strong><u>L\u1edbp h\u1ecdc:\u00a0\u00a0<\/u>\u00a0\u00a0 Cam k\u1ebft v\u1edbi ph\u1ee5 huynh kh\u00f4ng nh\u1eadn nhi\u1ec1u h\u01a1n 15 hs \/ l\u1edbp<\/strong><\/p>\n<p><strong><u>Gi\u00e1o tr\u00ecnh:\u00a0<\/u>\u00a0\u00a0\u00a0 \u0110\u01b0\u1ee3c c\u1ea5p ph\u00e1t mi\u1ec5n ph\u00ed<\/strong><\/p>\n<p><strong><u>Gi\u00e1o vi\u00ean:\u00a0<\/u>\u00a0Do c\u00e1c gi\u00e1o vi\u00ean gi\u1ecfi tr\u01b0\u1eddng chuy\u00ean tr\u1ef1c ti\u1ebfp gi\u1ea3ng d\u1ea1y<\/strong><\/p>\n<p><strong>K\u00ednh m\u1eddi ph\u1ee5 huynh tham kh\u1ea3o b\u1ea3ng gi\u00e1 luy\u1ec7n thi v\u00e0o l\u1edbp 10 h\u1ecdc t\u1ea1i trung t\u00e2m\u00a0<\/strong><\/p>\n\t<div id=\"gap-1030465237\" class=\"gap-element clearfix\" style=\"display:block; height:auto;\">\n\t\t\n<style>\n#gap-1030465237 {\n  padding-top: 30px;\n}\n<\/style>\n\t<\/div>\n\t\n\n<p><strong>\u0110\u1ed8I NG\u0168 GI\u00c1O VI\u00caN LUY\u1ec6N THI C\u1ee6A TRUNG T\u00c2M<\/strong><\/p>\n<p><strong>MI\u1ec4N PH\u00cd 1 BU\u1ed4I D\u1ea0Y TH\u1eec BAN \u0110\u1ea6U<\/strong><\/p>\n<p><strong>\u2666\u00a0<\/strong>\u00a0Gi\u00e1o vi\u00ean luy\u1ec7n thi \u0111\u1ea1i h\u1ecdc t\u1ea1i Trung t\u00e2m \u0111\u01b0\u1ee3c tuy\u1ec3n ch\u1ecdn v\u00e0 m\u1eddi t\u1eeb c\u00e1c Tr\u01b0\u1eddng \u0110\u1ea1i h\u1ecdc, Tr\u01b0\u1eddng THPT uy t\u00edn v\u00e0 c\u00e1c Gi\u00e1o vi\u00ean gi\u1ecfi, nhi\u1ec7t t\u00e2m c\u1ee7a c\u00e1c tr\u01b0\u1eddng THPT chuy\u00ean tr\u00ean \u0111\u1ecba b\u00e0n TP. H\u00e0 N\u1ed9i.<\/p>\n<p><u>\u2666\u00a0\u00a0V\u1edbi m\u1ee5c ti\u00eau \u0111\u00e0o t\u1ea1o:\u00a0<\/u>&#8220;H\u1ecdc sinh trung b\u00ecnh c\u0169ng c\u00f3 th\u1ec3 v\u00e0o l\u1edbp 10&#8221;, Trung t\u00e2m luy\u1ec7n thi v\u00e0o l\u1edbp 10\u00a0c\u1ee7a ch\u00fang t\u00f4i \u0111\u00e3 x\u00e2y d\u1ef1ng ph\u01b0\u01a1ng ph\u00e1p luy\u1ec7n thi c\u00f3 h\u1ec7 th\u1ed1ng, truy\u1ec1n \u0111\u1ea1t ki\u1ebfn th\u1ee9c d\u1ec5 hi\u1ec3u, gi\u00fap H\u1ecdc Sinh h\u1ecdc \u0111\u1ebfn \u0111\u00e2u n\u1eafm ch\u1eafc \u0111\u1ebfn \u0111\u00f3.<\/p>\n<h2><strong>H\u1eccC PH\u00cd TRUNG T\u00c2M LUY\u1ec6N THI V\u00c0O L\u1edaP 10\u00a0(S\u00c1NG HO\u1eb6C\u00a0T\u1ed0I)<\/strong><\/h2>\n<table border=\"1\" width=\"571\" cellspacing=\"1\" cellpadding=\"1\" align=\"center\">\n<tbody>\n<tr>\n<td rowspan=\"2\">\n<p align=\"center\"><strong>M\u00d4N H\u1eccC<\/strong><\/p>\n<\/td>\n<td rowspan=\"2\">\n<p align=\"center\"><strong>S\u1ed0 BU\u1ed4I \/ TU\u1ea6N<\/strong><\/p>\n<\/td>\n<td colspan=\"2\">\n<p align=\"center\"><strong>H\u1eccC PH\u00cd \/ TH\u00c1NG<\/strong><\/p>\n<\/td>\n<\/tr>\n<tr>\n<td>\n<p align=\"center\"><strong>SINH VI\u00caN GI\u1eceI<\/strong><\/p>\n<\/td>\n<td>\n<p align=\"center\"><strong>GI\u00c1O VI\u00caN<\/strong><\/p>\n<\/td>\n<\/tr>\n<tr>\n<td>\n<p align=\"center\"><strong>TO\u00c1N<\/strong><\/p>\n<\/td>\n<td>\n<p align=\"center\"><strong>02<\/strong><\/p>\n<\/td>\n<td>\n<p align=\"center\"><strong>800.000 &#8211; 1.000.000<\/strong><\/p>\n<\/td>\n<td>\n<p align=\"center\"><strong>1.500.000 &#8211; 1.800.000<\/strong><\/p>\n<\/td>\n<\/tr>\n<tr>\n<td>\n<p align=\"center\"><strong>V\u0102N<\/strong><\/p>\n<\/td>\n<td>\n<p align=\"center\"><strong>02<\/strong><\/p>\n<\/td>\n<td>\n<p align=\"center\"><strong>700.000 &#8211; 900.000<\/strong><\/p>\n<\/td>\n<td>\n<p align=\"center\"><strong>1.200.000 &#8211; 1.500.000<\/strong><\/p>\n<\/td>\n<\/tr>\n<tr>\n<td>\n<p align=\"center\"><strong>M\u00d4N TH\u1ee8 3<\/strong><\/p>\n<\/td>\n<td>\n<p align=\"center\"><strong>02<\/strong><\/p>\n<\/td>\n<td>\n<p align=\"center\"><strong>700.000 &#8211; 900.000<\/strong><\/p>\n<\/td>\n<td>\n<p align=\"center\"><strong>1.200.000 &#8211; 1.500.000<\/strong><\/p>\n<\/td>\n<\/tr>\n<\/tbody>\n<\/table>\n<p><strong>\u0110\u1ebfn v\u1edbi Trung t\u00e2m Gia s\u01b0\u00a0Gia B\u1ea3o c\u1ee7a ch\u00fang t\u00f4i, qu\u00fd ph\u1ee5 huynh kh\u00f4ng ch\u1ec9 y\u00ean t\u00e2m v\u1ec1 ch\u1ea5t l\u01b0\u1ee3ng gi\u00e1o vi\u00ean m\u00e0 d\u1ecbch v\u1ee5 c\u1ee7a ch\u00fang t\u00f4i c\u00f2n r\u1ea5t h\u1ee3p l\u00fd, \u0111\u00e1p \u1ee9ng \u0111\u01b0\u1ee3c y\u00eau c\u1ea7u Kh\u00e1ch h\u00e0ng.<\/strong><\/p>\n<p>V\u1edbi ni\u1ec1m tin v\u00e0 t\u00e2m huy\u1ebft c\u1ee7a nh\u1eefng ng\u01b0\u1eddi l\u00e0m gi\u00e1o d\u1ee5c, tin r\u1eb1ng trung t\u00e2m Luy\u1ec7n thi \u0110\u1ea1i h\u1ecdc Gia B\u1ea3o s\u1ebd l\u00e0 \u201cb\u1ec7 ph\u00f3ng\u201d cho s\u1ef1 th\u00e0nh c\u00f4ng c\u1ee7a c\u00e1c b\u1ea1n tr\u1ebb tr\u00ean con \u0111\u01b0\u1eddng chinh ph\u1ee5c tri th\u1ee9c; gi\u1ea3ng \u0111\u01b0\u1eddng \u0111\u1ea1i h\u1ecdc \u0111ang ch\u1edd \u0111\u00f3n c\u00e1c b\u1ea1n ph\u00eda tr\u01b0\u1edbc.\u00a0<\/p>\n\n\t\t<\/div>\n\t\t\t<\/div>\n\n\t\n\n<\/div>\n\n\t\t<\/div>\n\n\t\t\n<style>\n#section_1249273741 {\n  padding-top: 30px;\n  padding-bottom: 30px;\n}\n<\/style>\n\t<\/section>\n\t\n\n","protected":false},"excerpt":{"rendered":"","protected":false},"author":1,"featured_media":0,"parent":0,"menu_order":0,"comment_status":"closed","ping_status":"closed","template":"","meta":[],"yoast_head":"<!-- This site is optimized with the Yoast SEO plugin v19.14 - https:\/\/yoast.com\/wordpress\/plugins\/seo\/ -->\n<title>LUY\u1ec6N THI L\u1edaP 10 (H\u1eccC TH\u1eec 1B) | TRUNG T\u00c2M GIA S\u01af S\u01af PH\u1ea0M LI\u00caN HOA<\/title>\n<meta name=\"robots\" content=\"index, follow, max-snippet:-1, max-image-preview:large, max-video-preview:-1\" \/>\n<link rel=\"canonical\" href=\"https:\/\/daykemsupham.edu.vn\/index.php\/luyen-thi-lop-10-hoc-thu-1b\/\" \/>\n<meta property=\"og:locale\" content=\"vi_VN\" \/>\n<meta property=\"og:type\" content=\"article\" \/>\n<meta property=\"og:title\" content=\"LUY\u1ec6N THI L\u1edaP 10 (H\u1eccC TH\u1eec 1B) | TRUNG T\u00c2M GIA S\u01af S\u01af PH\u1ea0M LI\u00caN HOA\" \/>\n<meta property=\"og:url\" content=\"https:\/\/daykemsupham.edu.vn\/index.php\/luyen-thi-lop-10-hoc-thu-1b\/\" \/>\n<meta property=\"og:site_name\" content=\"TRUNG T\u00c2M GIA S\u01af S\u01af PH\u1ea0M LI\u00caN HOA\" \/>\n<meta property=\"article:modified_time\" content=\"2020-08-28T10:59:21+00:00\" \/>\n<meta name=\"twitter:card\" content=\"summary_large_image\" \/>\n<meta name=\"twitter:label1\" content=\"\u01af\u1edbc t\u00ednh th\u1eddi gian \u0111\u1ecdc\" \/>\n\t<meta name=\"twitter:data1\" content=\"7 ph\u00fat\" \/>\n<script type=\"application\/ld+json\" class=\"yoast-schema-graph\">{\"@context\":\"https:\/\/schema.org\",\"@graph\":[{\"@type\":\"WebPage\",\"@id\":\"https:\/\/daykemsupham.edu.vn\/index.php\/luyen-thi-lop-10-hoc-thu-1b\/\",\"url\":\"https:\/\/daykemsupham.edu.vn\/index.php\/luyen-thi-lop-10-hoc-thu-1b\/\",\"name\":\"LUY\u1ec6N THI L\u1edaP 10 (H\u1eccC TH\u1eec 1B) | TRUNG T\u00c2M GIA S\u01af S\u01af PH\u1ea0M LI\u00caN HOA\",\"isPartOf\":{\"@id\":\"https:\/\/daykemsupham.edu.vn\/#website\"},\"datePublished\":\"2020-08-28T03:41:17+00:00\",\"dateModified\":\"2020-08-28T10:59:21+00:00\",\"breadcrumb\":{\"@id\":\"https:\/\/daykemsupham.edu.vn\/index.php\/luyen-thi-lop-10-hoc-thu-1b\/#breadcrumb\"},\"inLanguage\":\"vi\",\"potentialAction\":[{\"@type\":\"ReadAction\",\"target\":[\"https:\/\/daykemsupham.edu.vn\/index.php\/luyen-thi-lop-10-hoc-thu-1b\/\"]}]},{\"@type\":\"BreadcrumbList\",\"@id\":\"https:\/\/daykemsupham.edu.vn\/index.php\/luyen-thi-lop-10-hoc-thu-1b\/#breadcrumb\",\"itemListElement\":[{\"@type\":\"ListItem\",\"position\":1,\"name\":\"Trang ch\u1ee7\",\"item\":\"https:\/\/daykemsupham.edu.vn\/\"},{\"@type\":\"ListItem\",\"position\":2,\"name\":\"LUY\u1ec6N THI L\u1edaP 10 (H\u1eccC TH\u1eec 1B)\"}]},{\"@type\":\"WebSite\",\"@id\":\"https:\/\/daykemsupham.edu.vn\/#website\",\"url\":\"https:\/\/daykemsupham.edu.vn\/\",\"name\":\"TRUNG T\u00c2M GIA S\u01af S\u01af PH\u1ea0M LI\u00caN HOA\",\"description\":\"\",\"publisher\":{\"@id\":\"https:\/\/daykemsupham.edu.vn\/#\/schema\/person\/541566b20ae76355fe50b49911f7033b\"},\"potentialAction\":[{\"@type\":\"SearchAction\",\"target\":{\"@type\":\"EntryPoint\",\"urlTemplate\":\"https:\/\/daykemsupham.edu.vn\/?s={search_term_string}\"},\"query-input\":\"required name=search_term_string\"}],\"inLanguage\":\"vi\"},{\"@type\":[\"Person\",\"Organization\"],\"@id\":\"https:\/\/daykemsupham.edu.vn\/#\/schema\/person\/541566b20ae76355fe50b49911f7033b\",\"name\":\"giasusuphamlienhoa\",\"image\":{\"@type\":\"ImageObject\",\"inLanguage\":\"vi\",\"@id\":\"https:\/\/daykemsupham.edu.vn\/#\/schema\/person\/image\/\",\"url\":\"https:\/\/daykemsupham.edu.vn\/wp-content\/uploads\/2020\/08\/LIEN-HOA-04.png\",\"contentUrl\":\"https:\/\/daykemsupham.edu.vn\/wp-content\/uploads\/2020\/08\/LIEN-HOA-04.png\",\"width\":1113,\"height\":874,\"caption\":\"giasusuphamlienhoa\"},\"logo\":{\"@id\":\"https:\/\/daykemsupham.edu.vn\/#\/schema\/person\/image\/\"},\"sameAs\":[\"http:\/\/daykemsupham.edu.vn\"]}]}<\/script>\n<!-- \/ Yoast SEO plugin. -->","yoast_head_json":{"title":"LUY\u1ec6N THI L\u1edaP 10 (H\u1eccC TH\u1eec 1B) | TRUNG T\u00c2M GIA S\u01af S\u01af PH\u1ea0M LI\u00caN HOA","robots":{"index":"index","follow":"follow","max-snippet":"max-snippet:-1","max-image-preview":"max-image-preview:large","max-video-preview":"max-video-preview:-1"},"canonical":"https:\/\/daykemsupham.edu.vn\/index.php\/luyen-thi-lop-10-hoc-thu-1b\/","og_locale":"vi_VN","og_type":"article","og_title":"LUY\u1ec6N THI L\u1edaP 10 (H\u1eccC TH\u1eec 1B) | TRUNG T\u00c2M GIA S\u01af S\u01af PH\u1ea0M LI\u00caN HOA","og_url":"https:\/\/daykemsupham.edu.vn\/index.php\/luyen-thi-lop-10-hoc-thu-1b\/","og_site_name":"TRUNG T\u00c2M GIA S\u01af S\u01af PH\u1ea0M LI\u00caN HOA","article_modified_time":"2020-08-28T10:59:21+00:00","twitter_card":"summary_large_image","twitter_misc":{"\u01af\u1edbc t\u00ednh th\u1eddi gian \u0111\u1ecdc":"7 ph\u00fat"},"schema":{"@context":"https:\/\/schema.org","@graph":[{"@type":"WebPage","@id":"https:\/\/daykemsupham.edu.vn\/index.php\/luyen-thi-lop-10-hoc-thu-1b\/","url":"https:\/\/daykemsupham.edu.vn\/index.php\/luyen-thi-lop-10-hoc-thu-1b\/","name":"LUY\u1ec6N THI L\u1edaP 10 (H\u1eccC TH\u1eec 1B) | TRUNG T\u00c2M GIA S\u01af S\u01af PH\u1ea0M LI\u00caN HOA","isPartOf":{"@id":"https:\/\/daykemsupham.edu.vn\/#website"},"datePublished":"2020-08-28T03:41:17+00:00","dateModified":"2020-08-28T10:59:21+00:00","breadcrumb":{"@id":"https:\/\/daykemsupham.edu.vn\/index.php\/luyen-thi-lop-10-hoc-thu-1b\/#breadcrumb"},"inLanguage":"vi","potentialAction":[{"@type":"ReadAction","target":["https:\/\/daykemsupham.edu.vn\/index.php\/luyen-thi-lop-10-hoc-thu-1b\/"]}]},{"@type":"BreadcrumbList","@id":"https:\/\/daykemsupham.edu.vn\/index.php\/luyen-thi-lop-10-hoc-thu-1b\/#breadcrumb","itemListElement":[{"@type":"ListItem","position":1,"name":"Trang ch\u1ee7","item":"https:\/\/daykemsupham.edu.vn\/"},{"@type":"ListItem","position":2,"name":"LUY\u1ec6N THI L\u1edaP 10 (H\u1eccC TH\u1eec 1B)"}]},{"@type":"WebSite","@id":"https:\/\/daykemsupham.edu.vn\/#website","url":"https:\/\/daykemsupham.edu.vn\/","name":"TRUNG T\u00c2M GIA S\u01af S\u01af PH\u1ea0M LI\u00caN HOA","description":"","publisher":{"@id":"https:\/\/daykemsupham.edu.vn\/#\/schema\/person\/541566b20ae76355fe50b49911f7033b"},"potentialAction":[{"@type":"SearchAction","target":{"@type":"EntryPoint","urlTemplate":"https:\/\/daykemsupham.edu.vn\/?s={search_term_string}"},"query-input":"required name=search_term_string"}],"inLanguage":"vi"},{"@type":["Person","Organization"],"@id":"https:\/\/daykemsupham.edu.vn\/#\/schema\/person\/541566b20ae76355fe50b49911f7033b","name":"giasusuphamlienhoa","image":{"@type":"ImageObject","inLanguage":"vi","@id":"https:\/\/daykemsupham.edu.vn\/#\/schema\/person\/image\/","url":"https:\/\/daykemsupham.edu.vn\/wp-content\/uploads\/2020\/08\/LIEN-HOA-04.png","contentUrl":"https:\/\/daykemsupham.edu.vn\/wp-content\/uploads\/2020\/08\/LIEN-HOA-04.png","width":1113,"height":874,"caption":"giasusuphamlienhoa"},"logo":{"@id":"https:\/\/daykemsupham.edu.vn\/#\/schema\/person\/image\/"},"sameAs":["http:\/\/daykemsupham.edu.vn"]}]}},"_links":{"self":[{"href":"https:\/\/daykemsupham.edu.vn\/index.php\/wp-json\/wp\/v2\/pages\/226"}],"collection":[{"href":"https:\/\/daykemsupham.edu.vn\/index.php\/wp-json\/wp\/v2\/pages"}],"about":[{"href":"https:\/\/daykemsupham.edu.vn\/index.php\/wp-json\/wp\/v2\/types\/page"}],"author":[{"embeddable":true,"href":"https:\/\/daykemsupham.edu.vn\/index.php\/wp-json\/wp\/v2\/users\/1"}],"replies":[{"embeddable":true,"href":"https:\/\/daykemsupham.edu.vn\/index.php\/wp-json\/wp\/v2\/comments?post=226"}],"version-history":[{"count":2,"href":"https:\/\/daykemsupham.edu.vn\/index.php\/wp-json\/wp\/v2\/pages\/226\/revisions"}],"predecessor-version":[{"id":299,"href":"https:\/\/daykemsupham.edu.vn\/index.php\/wp-json\/wp\/v2\/pages\/226\/revisions\/299"}],"wp:attachment":[{"href":"https:\/\/daykemsupham.edu.vn\/index.php\/wp-json\/wp\/v2\/media?parent=226"}],"curies":[{"name":"wp","href":"https:\/\/api.w.org\/{rel}","templated":true}]}}